 w(b).
31
Let r(g) = 5*g**2 - 13*g + 2. Let t(l) = 3*l**2 - 7*l + 1. Let a(z) = -4*r(z) + 7*t(z). Suppose 0 = -59*c + 557*c - 498. Give a(c).
3
Let w(p) be the third derivative of p**4/24 + 5*p**3/2 - 727*p**2. Suppose -2*k + k = 10. Determine w(k).
5
Suppose 0*p - 82 = -2*f + 5*p, 0 = f + 5*p - 56. Let q(g) = -g + 43 + 2*g - f. Let y be q(7). Let d(z) = -z**2 + 7*z - 6. Determine d(y).
6
Let s(g) = g - 1. Let l be (3 - 1)*(-3)/(-4)*-2. Let y be 27/(2/2) + l. Let n = -24 + y. What is s(n)?
-1
Let u(z) = -6*z**2 - z + 1. Suppose 17*k + 6*k + 42 = 2*k. Calculate u(k).
-21
Let z(i) = 4 + 28 + 33 - 2*i - 3*i - 9*i. Determine z(5).
-5
Let v(c) = 464*c + 26 + 31 + 3*c**2 - 446*c - 2*c**2. Calculate v(-15).
12
Let i(t) = -t**2 + 3*t + 2. Suppose 5*p - 12 = 1483. Let f = p - 301. Give i(f).
-8
Let n(r) be the second derivative of r**5/20 + 7*r**4/6 - 11*r**3/2 - 2*r**2 + 20*r - 8. What is n(-16)?
12
Let p(m) be the second derivative of m**5/20 - m**4/4 - 5*m**3/6 + 5*m**2 - 67*m. Suppose 0*w - 20 = -5*w. Calculate p(w).
6
Let g(n) = 0 + 3*n**2 - 6*n - 1 + 40*n**3 - 35*n**3 - 4*n**3 + n**2. Give g(-5).
4
Let v = 504 + -450. Suppose -v*f = -64*f - 50. Let z(m) = m + 7. Give z(f).
2
Let v(a) = a**3 + 7*a**2 - a - 9. Let j be v(-7). Let i(x) = -152 + 161 - 8 + x**3 - 2*x + 3*x**2. What is i(j)?
9
Let b = 22 - 12. Let d(k) be the second derivative of -k**3/6 + 5*k**2 + 11806*k. Calculate d(b).
0
Let n(s) be the second derivative of -s**8/3360 + s**7/1260 + s**6/720 - s**5/60 + 77*s**4/12 - s + 12. Let p(m) be the third derivative of n(m). Give p(2).
-8
Let i(x) = -12*x - 15*x + 22*x + 1 + x**2 + 2 + 2. Let y(w) = w**2 + 14*w - 10. Let b be y(-15). What is i(b)?
5
Let k = -2 + -1. Let m(g) be the third derivative of 0*g - 9 + 0*g**3 - 1/24*g**4 - 5*g**2. Calculate m(k).
3
Let b be -6 - (-2)/3*(8 + 1). Suppose j + 3*j - 8 = b. Let r(d) = -4*d**2 + 2*d + 1. Determine r(j).
-11
Let o = -346 - -351. Let c(n) = -122*n - 4 + o + 117*n. Calculate c(1).
-4
Suppose 0 = -b - 4*f - 15, 4*b + 3*f + 3 = -57. Let c be (-25)/b + 44/(-12). Let y(q) = 6*q**2 - q - 1. Calculate y(c).
25
Let g(p) = -4*p**2 - 5*p + 7. Let w be ((-2)/4)/((-93)/(-558)). Calculate g(w).
-14
Suppose -413 + 391 = l - 2*d, 0 = 4*l - d + 39. Let i(j) = j**3 + 7*j**2 - 6*j + 14. Give i(l).
-2
Let w(y) = -y**3 - 6*y**2 - 3*y + 7. Let i be w(-5). Let a(h) = -2*h + 65*h**2 + 1 - 4 + h**3 + 75*h**2 + 62*h**2 - 1 - 200*h**2. Give a(i).
-7
Let c be (-17 - -6) + (-12)/(-18)*-6. Let f(r) = -r**3 - 17*r**2 - 32*r - 24. Determine f(c).
6
Let g be (0/1)/((0 + 2)/(-2)). Let h(a) = 55*a + 62*a - 110*a - 1 + g. Determine h(-1).
-8
Let q(b) = -b**3 + 11*b**2 - 24*b - 10. Let o be q(6). Let h(g) = 3 + 31*g - o*g - 6. Give h(4).
17
Let a(y) = -y + 2. Let z(r) = 4*r - 18. Let p be z(4). Let t be p/(-16) + 75/40. Calculate a(t).
0
Let c(u) = -2799 - 7*u + 1425 + 1487. Give c(16).
1
Suppose -8*w - 9*w - 3*w = -520. Let q(o) = -o**3 + 25*o**2 + 24*o + 51. Calculate q(w).
-1
Let x be (1/(-3))/(1/(-9)). Let s(c) = 4 - c**3 - 2 + 2*c**2 - 1 + 0*c**x. Let n(p) = -p - 7. Let f be n(-10). Determine s(f).
-8
Let s(d) = -3*d**2 - 56*d - 28. Let p(o) = 4*o**2 + 69*o + 32. Let t(y) = -5*p(y) - 6*s(y). What is t(5)?
-87
Let t(y) be the first derivative of y**3/3 + 7*y**2/2 + 10*y + 1336. Determine t(-5).
0
Let o(l) = -l**2 - 1. Let g(c) = 3*c**2 + 8*c + 7. Let m(t) = g(t) + 4*o(t). Let f(d) = -2*d**3 + 41*d**2 + 23*d - 34. Let w be f(21). Calculate m(w).
3
Let z = -42 - -45. Suppose q - 11 = 3*x, 0*x + z*x - 2*q = -13. Let k(t) = t**3 + 3*t**2 - 3*t + 3. What is k(x)?
12
Let u = -6552 + 6559. Let c(s) = -s**2 + 16*s + 1. Determine c(u).
64
Let r(s) = s + 6. Let w(z) = z**3 + 10*z**2 + 11*z. Let v(l) = l**3 + 9*l**2 + 10*l + 1. Let o(g) = -4*v(g) + 3*w(g). Let i be o(-3). Determine r(i).
-4
Let b(s) = -145*s + 3. Let p be b(0). Let l(h) = 6*h + 19. Give l(p).
37
Let p(h) = h + 7. Let g(u) = -16*u - 160. Let n(y) = g(y) + 20*p(y). Give n(8).
12
Let h(r) = -4*r. Let o be h(1). Let y be (5 - -3)*(-2)/o. Let m(z) = -3 - 2 - 3 - 5 + 7*z - 6*z + 5. Determine m(y).
-4
Let z(b) = -5*b**2 - 39*b + 91. Let v(o) = 9*o**2 + 75*o - 182. Let q(d) = 6*v(d) + 11*z(d). Determine q(15).
-1
Suppose -o = 3*o - 8. Let c(l) be the third derivative of 1/24*l**4 + 0*l - 1/60*l**5 + 3*l**2 - 5 - 1/6*l**3. Calculate c(o).
-3
Let x(u) = 5*u**3 + 2*u**2 - 5*u + 4. Let v be 27/36*((-96)/(-18) - 4). What is x(v)?
6
Let i = -11 - -7. Let f be 11 - ((0 - i) + -1). Let d(a) = f + a**3 + 9*a**2 + 134*a - 134*a. Calculate d(-9).
8
Let n(x) = -29*x**2 - 7*x - 8. Let d(t) = -t**3 - 34*t**2 - 8*t - 9. Let o(u) = 6*d(u) - 7*n(u). Determine o(-2).
44
Let m(l) be the third derivative of -l**6/360 + l**5/15 - l**4/3 + 28*l**3/3 + 68*l**2. Let y(f) be the first derivative of m(f). Give y(6).
4
Let b(p) = p**2 + 23*p - 42. Let h be 10956/(-462) + (-6)/21. What is b(h)?
-18
Let v(y) = 92*y - 6 - 56*y + y**3 + 5*y**2 - 39*y. Let i = -263 - -258. Determine v(i).
9
Let n(h) = -43*h**3 - 4*h - 3 + 3 + 7*h**2 + 0*h - 7 + 27*h**3 + 15*h**3. Suppose 0 = -0*t + 2*t - 12. Determine n(t).
5
Let s(m) = 6*m + 1 + 6*m**2 + 11*m**2 - 18*m**2. Let z(y) = 50*y**2 - y + 1. Let w be z(1). Let u = 55 - w. Determine s(u).
6
Let j(b) = b**3 + 7*b**2 + 3*b + 8. Let w(k) = -k**3 + 16*k**2 + 18*k - 24. Let f be 4 - -4*(3 - (-1)/4). Let v be w(f). Give j(v).
-13
Let t(b) = -2*b**2 + 4*b. Let q(y) = y - 6. Let f be q(9). Suppose -h + 2*p - 5*p - 10 = 0, -f*h - 4*p - 50 = 0. Let o = h - -26. What is t(o)?
-16
Suppose -7*m + 4*m + 4*w + 27 = 0, w - 27 = -3*m. Let y(l) = -l**2 + 8*l + 9. Determine y(m).
0
Let q(d) = d**2 - d + 1. Let f(m) = 4*m**2 + m - 1. Let x(b) = f(b) - 3*q(b). Suppose 16*s = 17*s - 2. Suppose 8 = -s*z, -3*k = 2*z - 3*z + 14. Determine x(k).
8
Let y(d) be the first derivative of -d**3/3 - 5*d**2/2 + 4*d - 4. Let k be 171/(-36) - (-3)/(-12). Calculate y(k).
4
Let w(z) = 113 - 21*z - 30*z**2 - 15 + 31*z**2. Let y be w(7). Let s(c) = 2 - c**3 - c + 4 - 6. Give s(y).
0
Let c(p) = 5 - 9*p**2 - 5*p - 2*p - 3*p + p**3 + 0*p**3. Let x = 8 - -2. Determine c(x).
5
Let x = 42 + -36. Suppose -27*q = -25*q - x. Suppose -5*s - 15 = -2*s, s + q = -d. Let a(p) = -6*p**2 + 2*p - 1. Give a(d).
-21
Let b be (-6 + (-5)/(-2))*(-33)/77. Let i(k) be the second derivative of -8*k + 0 + 1/6*k**3 + 0*k**4 - 1/20*k**5 + b*k**2. Give i(0).
3
Let n(g) = 0*g**2 - 10 - 7*g - 3*g**2 - 3 - 5 + 21. Let q be n(-3). Let j(m) = 3*m + 8. Let p(o) = o + 4. Let z(a) = -2*j(a) + 5*p(a). Determine z(q).
7
Let q(a) = -a**3 - 8. Let m(g) = -g**2 + g + 375. Let f be m(0). Let y = f + -375. What is q(y)?
-8
Let o(g) = -61*g - 2. Let b(r) = r. Let x(v) = 3*b(v) - o(v). Let w be x(-1). Let f = 58 + w. Let y(l) = l**3 + 3*l**2 - 5*l - 6. Give y(f).
-2
Let c = 6177 - 6195. Let p(i) = 5*i + 92. Calculate p(c).
2
Let t(z) = 5*z**2 + 2*z - 6. Let o(y) = y**2 + y + 0 + 11 - 13. Let n(u) = -3*o(u) + t(u). What is n(2)?
6
Let x(d) = -15585*d + 15529*d + 8 + 15. Calculate x(1).
-33
Let j(i) = -302 - 310 + 5*i + 924 - i**2 - 310. Suppose 5*o + 0*o - 15 = 0. Give j(o).
8
Let j be 111/(-15) + 10/25. Let q(x) be the third derivative of -x**5/60 - x**4/4 + x**3/2 + x**2 - 219*x. Give q(j).
-4
Suppose 9*x + 16*x = 0. Let r(d) = -d**2 - 3 - 98*d + x + 2 + 188*d - 96*d. Give r(-5).
4
Let f(p) = p**2 + 4*p + 10. Let k be (15/(75/(-2)))/((-4)/(-40)). Give f(k).
10
Let z(d) be the second derivative of -8*d**2 + 0 - 1/3*d**3 + 75*d. Calculate z(-8).
0
Suppose 0 = 6*d - 18, -10*u + 7*u - 5*d + 0*d + 6 = 0. Let q(w) = w**2 + 11*w + 5. Let g(c) = c**2 + 10*c + 5. Let j(m) = -5*g(m) + 4*q(m). Calculate j(u).
4
Let i(d) be the third derivative of d**6/120 + d**5/20 + d**4/24 + d**3 + 852*d**2. Determine i(-4).
-14
Let l(q) = q**3 - 10*q**2 + 11*q - 15. Let a be l(9). Let x(c) = -c - 4. Let i(f) = 41*f - 20*f - 2 + 8 - 20*f. Let n(t) = -3*i(t) - 4*x(t). Determine n(a).
1
Let x(f) = 27*f**2 + 29*f - 4. Let j(s) = 5*s**2 + 6*s - 1. Let o(u) = -11*j(u) + 2*x(u). Let k = -1195 - -1186. Determine o(k).
-6
Let b(m) = -m**3 - 24*m**2 - 23*m - 2. Let w be b(-23). Let z(q) = q**2 + 7*q + 5. Give z(w).
-5
Let r(p) be the first derivative of p**6/120 - p**5/40 - p**4/12 - 36*p**3 + 111. Let w(i) be the third derivative of r(i). Calculate w(-1).
4
Let h(s) = 0*s + 0